{"id":11,"date":"2023-02-02T12:08:07","date_gmt":"2023-02-02T11:08:07","guid":{"rendered":"http:\/\/hipposensciel.be\/?page_id=11"},"modified":"2024-08-29T11:42:20","modified_gmt":"2024-08-29T09:42:20","slug":"qui-sommes-nous","status":"publish","type":"page","link":"https:\/\/hipposensciel.be\/index.php\/qui-sommes-nous\/","title":{"rendered":"Qui sommes-nous?"},"content":{"rendered":"\n<p><strong>Julie et Vincent<\/strong><\/p>\n\n\n\n<p>Elle exerce le plus beau m\u00e9tier du monde: elle est maman de deux petites filles. Il  est important pour Julie d\u2019avoir des moments de qualit\u00e9 avec ses enfants. Nous sommes trop souvent happ\u00e9s par les tracas et les \u201cchoses \u00e0 faire\u201d du quotidien qui risquent de nous faire passer \u00e0 c\u00f4t\u00e9 de l\u2019essentiel.&nbsp;<\/p>\n\n\n\n<p>Riche de son exp\u00e9rience en tant qu\u2019infirmi\u00e8re, le \u00ab\u00a0<em>contact humain de son m\u00e9tier<\/em>\u00a0\u00bb et le \u00ab\u00a0<em>prendre soin<\/em>\u00a0\u00bb l\u2019animent. Le public-cible qui l\u2019enrichit plus particuli\u00e8rement est le contact avec les personnes pr\u00e9sentant des troubles cognitifs (maladie d\u2019Alzheimer, d\u00e9mences de tous types,..).<\/p>\n\n\n\n<p>En qu\u00eate de sens, Julie s\u2019est lanc\u00e9e dans l\u2019aventure pour devenir coach et ainsi pouvoir aider les autres \u00e0 trouver ou retrouver leur propre essence. Elle a envie d&rsquo;aider plus particuli\u00e8rement les mamans hypersensibles \u00e0 vivre plus sereinement leur maternit\u00e9 en utilisant cette sensibilit\u00e9 au service de leur enfant.<\/p>\n\n\n\n<p>Sa philosophie est \u201c<em>Vis ta vie comme un r\u00eave et fais de tes r\u00eaves une r\u00e9alit\u00e9\u201d<\/em>.<\/p>\n\n\n\n<p>Vincent, lui, peut-\u00eatre renomm\u00e9 \u00ab\u00a0<em>Mac Gyver<\/em>\u00ab\u00a0, \u00ab\u00a0<em>Monsieur bricoleur<\/em>\u00ab\u00a0, \u00ab\u00a0<em>Inspecteur Gadget<\/em>\u00a0\u00bb mais il est surtout le super h\u00e9ro de ses 3 enfants.<\/p>\n\n\n\n<p>Artiste dans l\u2019\u00e2me, il a \u00e9t\u00e9 r\u00e9gisseur de spectacle pendant 10 ans durant lesquels il a eu la chance de rencontrer de belles personnes et de s\u2019enrichir humainement aupr\u00e8s d&rsquo;elles.<\/p>\n\n\n\n<p>Afin d\u2019\u00eatre davantage pr\u00e9sent pour sa famille, sa carri\u00e8re s\u2019est orient\u00e9e vers le milieu de l\u2019enseignement o\u00f9 de nombreux d\u00e9fis l\u2019attendaient.<\/p>\n\n\n\n<p>En effet, Vincent aime relever des d\u00e9fis et des projets.<\/p>\n\n\n\n<p>Il les m\u00e8ne avec beaucoup d\u2019enthousiasme, de dynamisme, d&rsquo;investissement et de cr\u00e9ativit\u00e9.<\/p>\n\n\n\n<p>Il s\u2019\u00e9panouit en apprenant tous les jours quelque chose de nouveau, en partageant ses acquis et ses apprentissages.<\/p>\n\n\n\n<p>Il est \u00e0 l\u2019\u00e9coute des autres et bienveillant.<\/p>\n\n\n\n<p>Il refuse de vivre une vie monotone, en un mot, Vincent est SURPRENANT!<\/p>\n\n\n\n<p><strong>Dinger alias \u00ab\u00a0<\/strong><em><strong>Didi<\/strong><\/em>\u00ab\u00a0<\/p>\n\n\n\n<figure class=\"wp-block-image size-full is-resized\"><img loading=\"lazy\" decoding=\"async\" width=\"480\" height=\"640\" src=\"https:\/\/hipposensciel.be\/wp-content\/uploads\/2023\/02\/13612138_10210413803881597_6132876368072178635_n.jpg\" alt=\"hipposensciel\" class=\"wp-image-123\" style=\"width:194px;height:259px\" srcset=\"https:\/\/hipposensciel.be\/wp-content\/uploads\/2023\/02\/13612138_10210413803881597_6132876368072178635_n.jpg 480w, https:\/\/hipposensciel.be\/wp-content\/uploads\/2023\/02\/13612138_10210413803881597_6132876368072178635_n-225x300.jpg 225w\" sizes=\"auto, (max-width: 480px) 100vw, 480px\" \/><\/figure>\n\n\n\n<p>Didi est le poney d\u00e9pos\u00e9 par \u201c<em>Madame la cloche\u201d , <\/em>tomb\u00e9 du ciel&nbsp; dans notre jardin il y a 7 ans.<\/p>\n\n\n\n<p>Elle a actuellement 14 ans.<\/p>\n\n\n\n<p>Elle rime avec c\u00e2lins et gentillesse toute en fermet\u00e9 car vu sa petite taille de shetland, elle doit pouvoir se faire respecter par les grands. <\/p>\n\n\n\n<p>Elle adore l\u2019attelage, les jeux avec les enfants, sauter une petite barre pour le plaisir, faire des balades et surtout les carottes.<\/p>\n\n\n\n<p><strong>Lucero alias \u00ab\u00a0<em>Le bel espagnol<\/em><\/strong>\u00ab\u00a0<\/p>\n\n\n\n<figure class=\"wp-block-image size-large is-resized\"><img loading=\"lazy\" decoding=\"async\" width=\"768\" height=\"1024\" src=\"https:\/\/hipposensciel.be\/wp-content\/uploads\/2023\/05\/20230516_104444-768x1024.jpg\" alt=\"\" class=\"wp-image-195\" style=\"width:263px;height:350px\" srcset=\"https:\/\/hipposensciel.be\/wp-content\/uploads\/2023\/05\/20230516_104444-768x1024.jpg 768w, https:\/\/hipposensciel.be\/wp-content\/uploads\/2023\/05\/20230516_104444-225x300.jpg 225w, https:\/\/hipposensciel.be\/wp-content\/uploads\/2023\/05\/20230516_104444-1152x1536.jpg 1152w, https:\/\/hipposensciel.be\/wp-content\/uploads\/2023\/05\/20230516_104444-1536x2048.jpg 1536w, https:\/\/hipposensciel.be\/wp-content\/uploads\/2023\/05\/20230516_104444-scaled.jpg 1920w\" sizes=\"auto, (max-width: 706px) 89vw, (max-width: 767px) 82vw, 740px\" \/><\/figure>\n\n\n\n<p>Arriv\u00e9 chez nous il y a 3 ans, il a 15 ans.<\/p>\n\n\n\n<p>Il est d\u2019une grande sensibilit\u00e9 sensorielle et \u00e9motionnelle et a un coeur en or. Tout ce que vous ne dites pas mais que vous ressentez, il va vous le faire savoir sans aucun doute.<\/p>\n\n\n\n<p>Il adore par dessus tout les galops dans les champs, les jeux relationnels en libert\u00e9 et surtout MANGER.<\/p>\n\n\n\n<p><strong>Neil alias \u00ab\u00a0<em>La plus sage<\/em>\u00ab\u00a0(ou pas)<\/strong><\/p>\n\n\n\n<p>Elle est la doyenne de la maison du haut de ses 28 ans. Elle n\u2019a pas toujours eu la vie facile mais Julie et elle cohabitent depuis maintenant pas loin de 20 ans. Elles se sont vues grandir et ont appris r\u00e9ciproquement. Elle adore l\u2019herbe, \u00eatre bross\u00e9e, se rouler dans les pr\u00e9s et jouer avec Lucero.&nbsp;<\/p>\n\n\n\n<p><strong>Black ou <em>\u00ab\u00a0la petite terreur\u00a0\u00bb<\/em><\/strong><\/p>\n\n\n\n<figure class=\"wp-block-image size-large is-resized\"><img loading=\"lazy\" decoding=\"async\" width=\"1920\" height=\"2560\" src=\"https:\/\/hipposensciel.be\/wp-content\/uploads\/2023\/05\/20230517_204156-edited-scaled.jpg\" alt=\"\" class=\"wp-image-200\" style=\"width:367px\" srcset=\"https:\/\/hipposensciel.be\/wp-content\/uploads\/2023\/05\/20230517_204156-edited-scaled.jpg 1920w, https:\/\/hipposensciel.be\/wp-content\/uploads\/2023\/05\/20230517_204156-edited-225x300.jpg 225w, https:\/\/hipposensciel.be\/wp-content\/uploads\/2023\/05\/20230517_204156-edited-768x1024.jpg 768w, https:\/\/hipposensciel.be\/wp-content\/uploads\/2023\/05\/20230517_204156-edited-1152x1536.jpg 1152w, https:\/\/hipposensciel.be\/wp-content\/uploads\/2023\/05\/20230517_204156-edited-1536x2048.jpg 1536w\" sizes=\"auto, (max-width: 706px) 89vw, (max-width: 767px) 82vw, 740px\" \/><\/figure>\n\n\n\n<p>Il est de la race Shetland comme Didi et a 16 ans (ou plus). Il a rejoint notre famille en mai 2023 avec Ryckie. Avant son arriv\u00e9e, il \u00e9tait fougueux, nerveux et peu sociable. Il a trouv\u00e9 sa place au bout de 3 jours. Il adore les calins, \u00eatre en prairie avec les copains et les gratouilles sur l&rsquo;encolure.<\/p>\n\n\n\n<p>A oui, il est noir normalement &#8230;<\/p>\n\n\n\n<p><strong>Ricky<\/strong><\/p>\n\n\n\n<figure class=\"wp-block-image size-large is-resized\"><img loading=\"lazy\" decoding=\"async\" width=\"768\" height=\"1024\" src=\"https:\/\/hipposensciel.be\/wp-content\/uploads\/2023\/05\/20230514_153032-768x1024.jpg\" alt=\"\" class=\"wp-image-201\" style=\"width:378px;height:503px\" srcset=\"https:\/\/hipposensciel.be\/wp-content\/uploads\/2023\/05\/20230514_153032-768x1024.jpg 768w, https:\/\/hipposensciel.be\/wp-content\/uploads\/2023\/05\/20230514_153032-225x300.jpg 225w, https:\/\/hipposensciel.be\/wp-content\/uploads\/2023\/05\/20230514_153032-1152x1536.jpg 1152w, https:\/\/hipposensciel.be\/wp-content\/uploads\/2023\/05\/20230514_153032-1536x2048.jpg 1536w, https:\/\/hipposensciel.be\/wp-content\/uploads\/2023\/05\/20230514_153032-scaled.jpg 1920w\" sizes=\"auto, (max-width: 706px) 89vw, (max-width: 767px) 82vw, 740px\" \/><\/figure>\n\n\n\n<p>Il est arriv\u00e9 avec Black en mai 2023, il a 16  ans. C&rsquo;est un poney ultra-puissant. Il est capable de nous transmettre des messages percutants et de nous remettre pertinemment en question. La relation a \u00e9t\u00e9 compliqu\u00e9e \u00e0 mettre en place, le temps de trouver chacun sa place mais en juin 2024, voil\u00e0 qui est fait.<\/p>\n\n\n\n<div class=\"wp-block-columns is-layout-flex wp-container-core-columns-is-layout-9d6595d7 wp-block-columns-is-layout-flex\">\n<div class=\"wp-block-column is-layout-flow wp-block-column-is-layout-flow\">\n<p class=\"has-medium-font-size\"><strong>Janeiro<\/strong><\/p>\n\n\n\n<p>Trotteur fran\u00e7ais de 10 ans. Il a couru en courses de sulky mais a eu un accident et donc r\u00e9form\u00e9.<\/p>\n\n\n\n<p>Il a \u00e9t\u00e9 achet\u00e9 par une jeune dame et a v\u00e9cu 4 ans aupr\u00e8s d&rsquo;elle. Suite \u00e0 des difficult\u00e9s de la vie, la s\u00e9paration semblait \u00eatre un choix de raison&#8230; et non de coeur.<\/p>\n\n\n\n<p>Le voil\u00e0 chez nous depuis mai 2024.<\/p>\n\n\n\n<p>A ce stade, il pr\u00e9sente de nombreuses douleurs physiques et demande \u00e0 \u00eatre panser avant de pouvoir donner tout ce qu&rsquo;il peut donner. Il est d&rsquo;une gentillesse hors du commun, il a un pouvoir apaisant sur l&rsquo;homme et sur le troupeau. La suite dans quelques mois.<\/p>\n<\/div>\n\n\n\n<div class=\"wp-block-column is-layout-flow wp-block-column-is-layout-flow\">\n<figure class=\"wp-block-image size-large is-resized\"><img loading=\"lazy\" decoding=\"async\" width=\"1024\" height=\"1024\" src=\"https:\/\/hipposensciel.be\/wp-content\/uploads\/2024\/07\/20240606_092306-1024x1024.jpg\" alt=\"\" class=\"wp-image-349\" style=\"width:358px;height:auto\" srcset=\"https:\/\/hipposensciel.be\/wp-content\/uploads\/2024\/07\/20240606_092306-1024x1024.jpg 1024w, https:\/\/hipposensciel.be\/wp-content\/uploads\/2024\/07\/20240606_092306-300x300.jpg 300w, https:\/\/hipposensciel.be\/wp-content\/uploads\/2024\/07\/20240606_092306-150x150.jpg 150w, https:\/\/hipposensciel.be\/wp-content\/uploads\/2024\/07\/20240606_092306-768x768.jpg 768w, https:\/\/hipposensciel.be\/wp-content\/uploads\/2024\/07\/20240606_092306-1536x1536.jpg 1536w, https:\/\/hipposensciel.be\/wp-content\/uploads\/2024\/07\/20240606_092306-2048x2048.jpg 2048w, https:\/\/hipposensciel.be\/wp-content\/uploads\/2024\/07\/20240606_092306-100x100.jpg 100w\" sizes=\"auto, (max-width: 706px) 89vw, (max-width: 767px) 82vw, 740px\" \/><\/figure>\n<\/div>\n<\/div>\n","protected":false},"excerpt":{"rendered":"<p>Julie et Vincent Elle exerce le plus beau m\u00e9tier du monde: elle est maman de deux petites filles. Il est important pour Julie d\u2019avoir des moments de qualit\u00e9 avec ses enfants. Nous sommes trop souvent happ\u00e9s par les tracas et les \u201cchoses \u00e0 faire\u201d du quotidien qui risquent de nous faire passer \u00e0 c\u00f4t\u00e9 de &hellip; <\/p>\n<p class=\"link-more\"><a href=\"https:\/\/hipposensciel.be\/index.php\/qui-sommes-nous\/\" class=\"more-link\">Continuer la lecture<span class=\"screen-reader-text\"> de &laquo;&nbsp;Qui sommes-nous?&nbsp;&raquo;<\/span><\/a><\/p>\n","protected":false},"author":1,"featured_media":120,"parent":0,"menu_order":3,"comment_status":"closed","ping_status":"closed","template":"","meta":{"_acf_changed":false,"footnotes":""},"class_list":["post-11","page","type-page","status-publish","has-post-thumbnail","hentry"],"acf":[],"yoast_head":"<!-- This site is optimized with the Yoast SEO plugin v25.3.1 - https:\/\/yoast.com\/wordpress\/plugins\/seo\/ -->\n<title>Qui sommes-nous? - Hipposensciel<\/title>\n<meta name=\"robots\" content=\"index, follow, max-snippet:-1, max-image-preview:large, max-video-preview:-1\" \/>\n<link rel=\"canonical\" href=\"https:\/\/hipposensciel.be\/index.php\/qui-sommes-nous\/\" \/>\n<meta property=\"og:locale\" content=\"fr_FR\" \/>\n<meta property=\"og:type\" content=\"article\" \/>\n<meta property=\"og:title\" content=\"Qui sommes-nous? - Hipposensciel\" \/>\n<meta property=\"og:description\" content=\"Julie et Vincent Elle exerce le plus beau m\u00e9tier du monde: elle est maman de deux petites filles. Il est important pour Julie d\u2019avoir des moments de qualit\u00e9 avec ses enfants. Nous sommes trop souvent happ\u00e9s par les tracas et les \u201cchoses \u00e0 faire\u201d du quotidien qui risquent de nous faire passer \u00e0 c\u00f4t\u00e9 de &hellip; Continuer la lecture de &laquo;&nbsp;Qui sommes-nous?&nbsp;&raquo;\" \/>\n<meta property=\"og:url\" content=\"https:\/\/hipposensciel.be\/index.php\/qui-sommes-nous\/\" \/>\n<meta property=\"og:site_name\" content=\"Hipposensciel\" \/>\n<meta property=\"article:publisher\" content=\"https:\/\/www.facebook.com\/profile.php?id=100091362619600\" \/>\n<meta property=\"article:modified_time\" content=\"2024-08-29T09:42:20+00:00\" \/>\n<meta property=\"og:image\" content=\"https:\/\/hipposensciel.be\/wp-content\/uploads\/2023\/02\/329943365_1242443216481751_4255923867543256714_n.jpg\" \/>\n\t<meta property=\"og:image:width\" content=\"2048\" \/>\n\t<meta property=\"og:image:height\" content=\"1536\" \/>\n\t<meta property=\"og:image:type\" content=\"image\/jpeg\" \/>\n<meta name=\"twitter:card\" content=\"summary_large_image\" \/>\n<meta name=\"twitter:label1\" content=\"Dur\u00e9e de lecture estim\u00e9e\" \/>\n\t<meta name=\"twitter:data1\" content=\"5 minutes\" \/>\n<script type=\"application\/ld+json\" class=\"yoast-schema-graph\">{\"@context\":\"https:\/\/schema.org\",\"@graph\":[{\"@type\":\"WebPage\",\"@id\":\"https:\/\/hipposensciel.be\/index.php\/qui-sommes-nous\/\",\"url\":\"https:\/\/hipposensciel.be\/index.php\/qui-sommes-nous\/\",\"name\":\"Qui sommes-nous? - Hipposensciel\",\"isPartOf\":{\"@id\":\"https:\/\/hipposensciel.be\/#website\"},\"primaryImageOfPage\":{\"@id\":\"https:\/\/hipposensciel.be\/index.php\/qui-sommes-nous\/#primaryimage\"},\"image\":{\"@id\":\"https:\/\/hipposensciel.be\/index.php\/qui-sommes-nous\/#primaryimage\"},\"thumbnailUrl\":\"https:\/\/hipposensciel.be\/wp-content\/uploads\/2023\/02\/329943365_1242443216481751_4255923867543256714_n.jpg\",\"datePublished\":\"2023-02-02T11:08:07+00:00\",\"dateModified\":\"2024-08-29T09:42:20+00:00\",\"breadcrumb\":{\"@id\":\"https:\/\/hipposensciel.be\/index.php\/qui-sommes-nous\/#breadcrumb\"},\"inLanguage\":\"fr-FR\",\"potentialAction\":[{\"@type\":\"ReadAction\",\"target\":[\"https:\/\/hipposensciel.be\/index.php\/qui-sommes-nous\/\"]}]},{\"@type\":\"ImageObject\",\"inLanguage\":\"fr-FR\",\"@id\":\"https:\/\/hipposensciel.be\/index.php\/qui-sommes-nous\/#primaryimage\",\"url\":\"https:\/\/hipposensciel.be\/wp-content\/uploads\/2023\/02\/329943365_1242443216481751_4255923867543256714_n.jpg\",\"contentUrl\":\"https:\/\/hipposensciel.be\/wp-content\/uploads\/2023\/02\/329943365_1242443216481751_4255923867543256714_n.jpg\",\"width\":2048,\"height\":1536,\"caption\":\"hipposensciel\"},{\"@type\":\"BreadcrumbList\",\"@id\":\"https:\/\/hipposensciel.be\/index.php\/qui-sommes-nous\/#breadcrumb\",\"itemListElement\":[{\"@type\":\"ListItem\",\"position\":1,\"name\":\"Accueil\",\"item\":\"https:\/\/hipposensciel.be\/\"},{\"@type\":\"ListItem\",\"position\":2,\"name\":\"Qui sommes-nous?\"}]},{\"@type\":\"WebSite\",\"@id\":\"https:\/\/hipposensciel.be\/#website\",\"url\":\"https:\/\/hipposensciel.be\/\",\"name\":\"Hipposensciel\",\"description\":\"Trouvez votre essentiel au coeur des chevaux\",\"publisher\":{\"@id\":\"https:\/\/hipposensciel.be\/#organization\"},\"potentialAction\":[{\"@type\":\"SearchAction\",\"target\":{\"@type\":\"EntryPoint\",\"urlTemplate\":\"https:\/\/hipposensciel.be\/?s={search_term_string}\"},\"query-input\":{\"@type\":\"PropertyValueSpecification\",\"valueRequired\":true,\"valueName\":\"search_term_string\"}}],\"inLanguage\":\"fr-FR\"},{\"@type\":\"Organization\",\"@id\":\"https:\/\/hipposensciel.be\/#organization\",\"name\":\"Hipposensciel\",\"url\":\"https:\/\/hipposensciel.be\/\",\"logo\":{\"@type\":\"ImageObject\",\"inLanguage\":\"fr-FR\",\"@id\":\"https:\/\/hipposensciel.be\/#\/schema\/logo\/image\/\",\"url\":\"https:\/\/hipposensciel.be\/wp-content\/uploads\/2023\/02\/logo-hipposensciel-vectorise.bmp\",\"contentUrl\":\"https:\/\/hipposensciel.be\/wp-content\/uploads\/2023\/02\/logo-hipposensciel-vectorise.bmp\",\"width\":525,\"height\":547,\"caption\":\"Hipposensciel\"},\"image\":{\"@id\":\"https:\/\/hipposensciel.be\/#\/schema\/logo\/image\/\"},\"sameAs\":[\"https:\/\/www.facebook.com\/profile.php?id=100091362619600\"]}]}<\/script>\n<!-- \/ Yoast SEO plugin. -->","yoast_head_json":{"title":"Qui sommes-nous? - Hipposensciel","robots":{"index":"index","follow":"follow","max-snippet":"max-snippet:-1","max-image-preview":"max-image-preview:large","max-video-preview":"max-video-preview:-1"},"canonical":"https:\/\/hipposensciel.be\/index.php\/qui-sommes-nous\/","og_locale":"fr_FR","og_type":"article","og_title":"Qui sommes-nous? - Hipposensciel","og_description":"Julie et Vincent Elle exerce le plus beau m\u00e9tier du monde: elle est maman de deux petites filles. Il est important pour Julie d\u2019avoir des moments de qualit\u00e9 avec ses enfants. Nous sommes trop souvent happ\u00e9s par les tracas et les \u201cchoses \u00e0 faire\u201d du quotidien qui risquent de nous faire passer \u00e0 c\u00f4t\u00e9 de &hellip; Continuer la lecture de &laquo;&nbsp;Qui sommes-nous?&nbsp;&raquo;","og_url":"https:\/\/hipposensciel.be\/index.php\/qui-sommes-nous\/","og_site_name":"Hipposensciel","article_publisher":"https:\/\/www.facebook.com\/profile.php?id=100091362619600","article_modified_time":"2024-08-29T09:42:20+00:00","og_image":[{"width":2048,"height":1536,"url":"https:\/\/hipposensciel.be\/wp-content\/uploads\/2023\/02\/329943365_1242443216481751_4255923867543256714_n.jpg","type":"image\/jpeg"}],"twitter_card":"summary_large_image","twitter_misc":{"Dur\u00e9e de lecture estim\u00e9e":"5 minutes"},"schema":{"@context":"https:\/\/schema.org","@graph":[{"@type":"WebPage","@id":"https:\/\/hipposensciel.be\/index.php\/qui-sommes-nous\/","url":"https:\/\/hipposensciel.be\/index.php\/qui-sommes-nous\/","name":"Qui sommes-nous? - Hipposensciel","isPartOf":{"@id":"https:\/\/hipposensciel.be\/#website"},"primaryImageOfPage":{"@id":"https:\/\/hipposensciel.be\/index.php\/qui-sommes-nous\/#primaryimage"},"image":{"@id":"https:\/\/hipposensciel.be\/index.php\/qui-sommes-nous\/#primaryimage"},"thumbnailUrl":"https:\/\/hipposensciel.be\/wp-content\/uploads\/2023\/02\/329943365_1242443216481751_4255923867543256714_n.jpg","datePublished":"2023-02-02T11:08:07+00:00","dateModified":"2024-08-29T09:42:20+00:00","breadcrumb":{"@id":"https:\/\/hipposensciel.be\/index.php\/qui-sommes-nous\/#breadcrumb"},"inLanguage":"fr-FR","potentialAction":[{"@type":"ReadAction","target":["https:\/\/hipposensciel.be\/index.php\/qui-sommes-nous\/"]}]},{"@type":"ImageObject","inLanguage":"fr-FR","@id":"https:\/\/hipposensciel.be\/index.php\/qui-sommes-nous\/#primaryimage","url":"https:\/\/hipposensciel.be\/wp-content\/uploads\/2023\/02\/329943365_1242443216481751_4255923867543256714_n.jpg","contentUrl":"https:\/\/hipposensciel.be\/wp-content\/uploads\/2023\/02\/329943365_1242443216481751_4255923867543256714_n.jpg","width":2048,"height":1536,"caption":"hipposensciel"},{"@type":"BreadcrumbList","@id":"https:\/\/hipposensciel.be\/index.php\/qui-sommes-nous\/#breadcrumb","itemListElement":[{"@type":"ListItem","position":1,"name":"Accueil","item":"https:\/\/hipposensciel.be\/"},{"@type":"ListItem","position":2,"name":"Qui sommes-nous?"}]},{"@type":"WebSite","@id":"https:\/\/hipposensciel.be\/#website","url":"https:\/\/hipposensciel.be\/","name":"Hipposensciel","description":"Trouvez votre essentiel au coeur des chevaux","publisher":{"@id":"https:\/\/hipposensciel.be\/#organization"},"potentialAction":[{"@type":"SearchAction","target":{"@type":"EntryPoint","urlTemplate":"https:\/\/hipposensciel.be\/?s={search_term_string}"},"query-input":{"@type":"PropertyValueSpecification","valueRequired":true,"valueName":"search_term_string"}}],"inLanguage":"fr-FR"},{"@type":"Organization","@id":"https:\/\/hipposensciel.be\/#organization","name":"Hipposensciel","url":"https:\/\/hipposensciel.be\/","logo":{"@type":"ImageObject","inLanguage":"fr-FR","@id":"https:\/\/hipposensciel.be\/#\/schema\/logo\/image\/","url":"https:\/\/hipposensciel.be\/wp-content\/uploads\/2023\/02\/logo-hipposensciel-vectorise.bmp","contentUrl":"https:\/\/hipposensciel.be\/wp-content\/uploads\/2023\/02\/logo-hipposensciel-vectorise.bmp","width":525,"height":547,"caption":"Hipposensciel"},"image":{"@id":"https:\/\/hipposensciel.be\/#\/schema\/logo\/image\/"},"sameAs":["https:\/\/www.facebook.com\/profile.php?id=100091362619600"]}]}},"_links":{"self":[{"href":"https:\/\/hipposensciel.be\/index.php\/wp-json\/wp\/v2\/pages\/11","targetHints":{"allow":["GET"]}}],"collection":[{"href":"https:\/\/hipposensciel.be\/index.php\/wp-json\/wp\/v2\/pages"}],"about":[{"href":"https:\/\/hipposensciel.be\/index.php\/wp-json\/wp\/v2\/types\/page"}],"author":[{"embeddable":true,"href":"https:\/\/hipposensciel.be\/index.php\/wp-json\/wp\/v2\/users\/1"}],"replies":[{"embeddable":true,"href":"https:\/\/hipposensciel.be\/index.php\/wp-json\/wp\/v2\/comments?post=11"}],"version-history":[{"count":14,"href":"https:\/\/hipposensciel.be\/index.php\/wp-json\/wp\/v2\/pages\/11\/revisions"}],"predecessor-version":[{"id":381,"href":"https:\/\/hipposensciel.be\/index.php\/wp-json\/wp\/v2\/pages\/11\/revisions\/381"}],"wp:featuredmedia":[{"embeddable":true,"href":"https:\/\/hipposensciel.be\/index.php\/wp-json\/wp\/v2\/media\/120"}],"wp:attachment":[{"href":"https:\/\/hipposensciel.be\/index.php\/wp-json\/wp\/v2\/media?parent=11"}],"curies":[{"name":"wp","href":"https:\/\/api.w.org\/{rel}","templated":true}]}}