{"id":29,"date":"2024-08-03T13:23:52","date_gmt":"2024-08-03T11:23:52","guid":{"rendered":"http:\/\/hipposensciel.be\/?page_id=29"},"modified":"2025-02-19T20:31:44","modified_gmt":"2025-02-19T19:31:44","slug":"informations-pratiques-stage-spectacle","status":"publish","type":"page","link":"https:\/\/hipposensciel.be\/index.php\/informations-pratiques-stage-spectacle\/","title":{"rendered":"Coaching de vie"},"content":{"rendered":"\n<p><strong>\ud83c\udf3f Accompagnement de Vie Holistique : C\u0153ur, Corps, T\u00eate &amp; Esprit en Harmonie avec les Chevaux \ud83d\udc34<\/strong><\/p>\n\n\n\n<p>Vous \u00eates \u00e0 un <strong>tournant de votre vie<\/strong> ? Vous ressentez le <strong>besoin de changement<\/strong>, mais vous ne savez pas par o\u00f9 commencer ?<br>\ud83d\udc49 <strong>Manque de confiance en vous<\/strong><br>\ud83d\udc49 <strong>Blocages \u00e9motionnels ou relationnels<\/strong><br>\ud83d\udc49 <strong>Envie de vous lib\u00e9rer de relations toxiques<\/strong><\/p>\n\n\n\n<p>\ud83d\udca1 <strong>Et si vous osiez une transformation profonde et durable ?<\/strong><\/p>\n\n\n\n<h3 class=\"wp-block-heading\"><strong>\u2728 Un accompagnement holistique pour un alignement complet<\/strong><\/h3>\n\n\n\n<p>Gr\u00e2ce \u00e0 une approche qui prend en compte <strong>toutes les dimensions de votre \u00eatre<\/strong> \u2013 \u00e9motionnelle, mentale, physique et spirituelle \u2013 vous serez guid\u00e9(e) vers une <strong>meilleure connaissance de vous-m\u00eame<\/strong> et une <strong>lib\u00e9ration de vos freins int\u00e9rieurs<\/strong>.<\/p>\n\n\n\n<h3 class=\"wp-block-heading\"><strong>\ud83d\udc34 Pourquoi les chevaux ?<\/strong><\/h3>\n\n\n\n<p>Le cheval est un <strong>miroir de vos \u00e9motions<\/strong>. Sans jugement, il refl\u00e8te vos <strong>peurs, blocages et \u00e9nergies<\/strong>, vous offrant des <strong>insights puissants<\/strong> pour avancer sur votre chemin. Son interaction permet :<br>\u2714\ufe0f Une <strong>prise de conscience imm\u00e9diate<\/strong><br>\u2714\ufe0f Une <strong>lib\u00e9ration \u00e9motionnelle en douceur<\/strong><br>\u2714\ufe0f Une <strong>reconnexion profonde \u00e0 soi<\/strong><\/p>\n\n\n\n<h3 class=\"wp-block-heading\"><strong>\ud83c\udf00 Un engagement vers votre transformation<\/strong><\/h3>\n\n\n\n<p>Ce chemin est destin\u00e9 \u00e0 ceux qui :<br>\u2714\ufe0f <strong>Sont pr\u00eats \u00e0 s\u2019investir pleinement<\/strong> dans leur bien-\u00eatre<br>\u2714\ufe0f <strong>Veulent se lib\u00e9rer du pass\u00e9<\/strong> et d\u00e9passer leurs limites<br>\u2714\ufe0f <strong>Cherchent \u00e0 renforcer leur confiance et estime de soi<\/strong><br>\u2714\ufe0f <strong>Aspirent \u00e0 une vie plus align\u00e9e et sereine<\/strong><\/p>\n\n\n\n<p>\ud83c\udf1f <strong>Vous \u00eates pr\u00eat(e) \u00e0 franchir un cap et r\u00e9\u00e9crire votre histoire ?<\/strong> \ud83c\udf1f<\/p>\n\n\n\n<p>\ud83d\udce9 <strong>Infos &amp; inscriptions :<\/strong> 0496 48 85 63 \ud83d\udc99<\/p>\n","protected":false},"excerpt":{"rendered":"<p>\ud83c\udf3f Accompagnement de Vie Holistique : C\u0153ur, Corps, T\u00eate &amp; Esprit en Harmonie avec les Chevaux \ud83d\udc34 Vous \u00eates \u00e0 un tournant de votre vie ? Vous ressentez le besoin de changement, mais vous ne savez pas par o\u00f9 commencer ?\ud83d\udc49 Manque de confiance en vous\ud83d\udc49 Blocages \u00e9motionnels ou relationnels\ud83d\udc49 Envie de vous lib\u00e9rer de &hellip; <\/p>\n<p class=\"link-more\"><a href=\"https:\/\/hipposensciel.be\/index.php\/informations-pratiques-stage-spectacle\/\" class=\"more-link\">Continuer la lecture<span class=\"screen-reader-text\"> de &laquo;&nbsp;Coaching de vie&nbsp;&raquo;<\/span><\/a><\/p>\n","protected":false},"author":1,"featured_media":0,"parent":0,"menu_order":2,"comment_status":"closed","ping_status":"closed","template":"","meta":{"_acf_changed":false,"footnotes":""},"class_list":["post-29","page","type-page","status-publish","hentry"],"acf":[],"yoast_head":"<!-- This site is optimized with the Yoast SEO plugin v25.3.1 - https:\/\/yoast.com\/wordpress\/plugins\/seo\/ -->\n<title>Coaching de vie - Hipposensciel<\/title>\n<meta name=\"robots\" content=\"index, follow, max-snippet:-1, max-image-preview:large, max-video-preview:-1\" \/>\n<link rel=\"canonical\" href=\"https:\/\/hipposensciel.be\/index.php\/informations-pratiques-stage-spectacle\/\" \/>\n<meta property=\"og:locale\" content=\"fr_FR\" \/>\n<meta property=\"og:type\" content=\"article\" \/>\n<meta property=\"og:title\" content=\"Coaching de vie - Hipposensciel\" \/>\n<meta property=\"og:description\" content=\"\ud83c\udf3f Accompagnement de Vie Holistique : C\u0153ur, Corps, T\u00eate &amp; Esprit en Harmonie avec les Chevaux \ud83d\udc34 Vous \u00eates \u00e0 un tournant de votre vie ? Vous ressentez le besoin de changement, mais vous ne savez pas par o\u00f9 commencer ?\ud83d\udc49 Manque de confiance en vous\ud83d\udc49 Blocages \u00e9motionnels ou relationnels\ud83d\udc49 Envie de vous lib\u00e9rer de &hellip; Continuer la lecture de &laquo;&nbsp;Coaching de vie&nbsp;&raquo;\" \/>\n<meta property=\"og:url\" content=\"https:\/\/hipposensciel.be\/index.php\/informations-pratiques-stage-spectacle\/\" \/>\n<meta property=\"og:site_name\" content=\"Hipposensciel\" \/>\n<meta property=\"article:publisher\" content=\"https:\/\/www.facebook.com\/profile.php?id=100091362619600\" \/>\n<meta property=\"article:modified_time\" content=\"2025-02-19T19:31:44+00:00\" \/>\n<meta name=\"twitter:card\" content=\"summary_large_image\" \/>\n<meta name=\"twitter:label1\" content=\"Dur\u00e9e de lecture estim\u00e9e\" \/>\n\t<meta name=\"twitter:data1\" content=\"2 minutes\" \/>\n<script type=\"application\/ld+json\" class=\"yoast-schema-graph\">{\"@context\":\"https:\/\/schema.org\",\"@graph\":[{\"@type\":\"WebPage\",\"@id\":\"https:\/\/hipposensciel.be\/index.php\/informations-pratiques-stage-spectacle\/\",\"url\":\"https:\/\/hipposensciel.be\/index.php\/informations-pratiques-stage-spectacle\/\",\"name\":\"Coaching de vie - Hipposensciel\",\"isPartOf\":{\"@id\":\"https:\/\/hipposensciel.be\/#website\"},\"datePublished\":\"2024-08-03T11:23:52+00:00\",\"dateModified\":\"2025-02-19T19:31:44+00:00\",\"breadcrumb\":{\"@id\":\"https:\/\/hipposensciel.be\/index.php\/informations-pratiques-stage-spectacle\/#breadcrumb\"},\"inLanguage\":\"fr-FR\",\"potentialAction\":[{\"@type\":\"ReadAction\",\"target\":[\"https:\/\/hipposensciel.be\/index.php\/informations-pratiques-stage-spectacle\/\"]}]},{\"@type\":\"BreadcrumbList\",\"@id\":\"https:\/\/hipposensciel.be\/index.php\/informations-pratiques-stage-spectacle\/#breadcrumb\",\"itemListElement\":[{\"@type\":\"ListItem\",\"position\":1,\"name\":\"Accueil\",\"item\":\"https:\/\/hipposensciel.be\/\"},{\"@type\":\"ListItem\",\"position\":2,\"name\":\"Coaching de vie\"}]},{\"@type\":\"WebSite\",\"@id\":\"https:\/\/hipposensciel.be\/#website\",\"url\":\"https:\/\/hipposensciel.be\/\",\"name\":\"Hipposensciel\",\"description\":\"Trouvez votre essentiel au coeur des chevaux\",\"publisher\":{\"@id\":\"https:\/\/hipposensciel.be\/#organization\"},\"potentialAction\":[{\"@type\":\"SearchAction\",\"target\":{\"@type\":\"EntryPoint\",\"urlTemplate\":\"https:\/\/hipposensciel.be\/?s={search_term_string}\"},\"query-input\":{\"@type\":\"PropertyValueSpecification\",\"valueRequired\":true,\"valueName\":\"search_term_string\"}}],\"inLanguage\":\"fr-FR\"},{\"@type\":\"Organization\",\"@id\":\"https:\/\/hipposensciel.be\/#organization\",\"name\":\"Hipposensciel\",\"url\":\"https:\/\/hipposensciel.be\/\",\"logo\":{\"@type\":\"ImageObject\",\"inLanguage\":\"fr-FR\",\"@id\":\"https:\/\/hipposensciel.be\/#\/schema\/logo\/image\/\",\"url\":\"https:\/\/hipposensciel.be\/wp-content\/uploads\/2023\/02\/logo-hipposensciel-vectorise.bmp\",\"contentUrl\":\"https:\/\/hipposensciel.be\/wp-content\/uploads\/2023\/02\/logo-hipposensciel-vectorise.bmp\",\"width\":525,\"height\":547,\"caption\":\"Hipposensciel\"},\"image\":{\"@id\":\"https:\/\/hipposensciel.be\/#\/schema\/logo\/image\/\"},\"sameAs\":[\"https:\/\/www.facebook.com\/profile.php?id=100091362619600\"]}]}<\/script>\n<!-- \/ Yoast SEO plugin. -->","yoast_head_json":{"title":"Coaching de vie - Hipposensciel","robots":{"index":"index","follow":"follow","max-snippet":"max-snippet:-1","max-image-preview":"max-image-preview:large","max-video-preview":"max-video-preview:-1"},"canonical":"https:\/\/hipposensciel.be\/index.php\/informations-pratiques-stage-spectacle\/","og_locale":"fr_FR","og_type":"article","og_title":"Coaching de vie - Hipposensciel","og_description":"\ud83c\udf3f Accompagnement de Vie Holistique : C\u0153ur, Corps, T\u00eate &amp; Esprit en Harmonie avec les Chevaux \ud83d\udc34 Vous \u00eates \u00e0 un tournant de votre vie ? Vous ressentez le besoin de changement, mais vous ne savez pas par o\u00f9 commencer ?\ud83d\udc49 Manque de confiance en vous\ud83d\udc49 Blocages \u00e9motionnels ou relationnels\ud83d\udc49 Envie de vous lib\u00e9rer de &hellip; Continuer la lecture de &laquo;&nbsp;Coaching de vie&nbsp;&raquo;","og_url":"https:\/\/hipposensciel.be\/index.php\/informations-pratiques-stage-spectacle\/","og_site_name":"Hipposensciel","article_publisher":"https:\/\/www.facebook.com\/profile.php?id=100091362619600","article_modified_time":"2025-02-19T19:31:44+00:00","twitter_card":"summary_large_image","twitter_misc":{"Dur\u00e9e de lecture estim\u00e9e":"2 minutes"},"schema":{"@context":"https:\/\/schema.org","@graph":[{"@type":"WebPage","@id":"https:\/\/hipposensciel.be\/index.php\/informations-pratiques-stage-spectacle\/","url":"https:\/\/hipposensciel.be\/index.php\/informations-pratiques-stage-spectacle\/","name":"Coaching de vie - Hipposensciel","isPartOf":{"@id":"https:\/\/hipposensciel.be\/#website"},"datePublished":"2024-08-03T11:23:52+00:00","dateModified":"2025-02-19T19:31:44+00:00","breadcrumb":{"@id":"https:\/\/hipposensciel.be\/index.php\/informations-pratiques-stage-spectacle\/#breadcrumb"},"inLanguage":"fr-FR","potentialAction":[{"@type":"ReadAction","target":["https:\/\/hipposensciel.be\/index.php\/informations-pratiques-stage-spectacle\/"]}]},{"@type":"BreadcrumbList","@id":"https:\/\/hipposensciel.be\/index.php\/informations-pratiques-stage-spectacle\/#breadcrumb","itemListElement":[{"@type":"ListItem","position":1,"name":"Accueil","item":"https:\/\/hipposensciel.be\/"},{"@type":"ListItem","position":2,"name":"Coaching de vie"}]},{"@type":"WebSite","@id":"https:\/\/hipposensciel.be\/#website","url":"https:\/\/hipposensciel.be\/","name":"Hipposensciel","description":"Trouvez votre essentiel au coeur des chevaux","publisher":{"@id":"https:\/\/hipposensciel.be\/#organization"},"potentialAction":[{"@type":"SearchAction","target":{"@type":"EntryPoint","urlTemplate":"https:\/\/hipposensciel.be\/?s={search_term_string}"},"query-input":{"@type":"PropertyValueSpecification","valueRequired":true,"valueName":"search_term_string"}}],"inLanguage":"fr-FR"},{"@type":"Organization","@id":"https:\/\/hipposensciel.be\/#organization","name":"Hipposensciel","url":"https:\/\/hipposensciel.be\/","logo":{"@type":"ImageObject","inLanguage":"fr-FR","@id":"https:\/\/hipposensciel.be\/#\/schema\/logo\/image\/","url":"https:\/\/hipposensciel.be\/wp-content\/uploads\/2023\/02\/logo-hipposensciel-vectorise.bmp","contentUrl":"https:\/\/hipposensciel.be\/wp-content\/uploads\/2023\/02\/logo-hipposensciel-vectorise.bmp","width":525,"height":547,"caption":"Hipposensciel"},"image":{"@id":"https:\/\/hipposensciel.be\/#\/schema\/logo\/image\/"},"sameAs":["https:\/\/www.facebook.com\/profile.php?id=100091362619600"]}]}},"_links":{"self":[{"href":"https:\/\/hipposensciel.be\/index.php\/wp-json\/wp\/v2\/pages\/29","targetHints":{"allow":["GET"]}}],"collection":[{"href":"https:\/\/hipposensciel.be\/index.php\/wp-json\/wp\/v2\/pages"}],"about":[{"href":"https:\/\/hipposensciel.be\/index.php\/wp-json\/wp\/v2\/types\/page"}],"author":[{"embeddable":true,"href":"https:\/\/hipposensciel.be\/index.php\/wp-json\/wp\/v2\/users\/1"}],"replies":[{"embeddable":true,"href":"https:\/\/hipposensciel.be\/index.php\/wp-json\/wp\/v2\/comments?post=29"}],"version-history":[{"count":9,"href":"https:\/\/hipposensciel.be\/index.php\/wp-json\/wp\/v2\/pages\/29\/revisions"}],"predecessor-version":[{"id":436,"href":"https:\/\/hipposensciel.be\/index.php\/wp-json\/wp\/v2\/pages\/29\/revisions\/436"}],"wp:attachment":[{"href":"https:\/\/hipposensciel.be\/index.php\/wp-json\/wp\/v2\/media?parent=29"}],"curies":[{"name":"wp","href":"https:\/\/api.w.org\/{rel}","templated":true}]}}