{"id":58,"date":"2023-02-06T11:04:32","date_gmt":"2023-02-06T10:04:32","guid":{"rendered":"http:\/\/hipposensciel.be\/?page_id=58"},"modified":"2024-02-08T18:40:26","modified_gmt":"2024-02-08T17:40:26","slug":"philosophie","status":"publish","type":"page","link":"https:\/\/hipposensciel.be\/index.php\/philosophie\/","title":{"rendered":"Notre philosophie"},"content":{"rendered":"\n<p>Nous voulons rencontrer chaque personne, enfant ou adulte, l\u00e0 o\u00f9 il se trouve sur son chemin de vie. Pour ce faire, nous voulons vous proposer des activit\u00e9s qui feront SENS au moment o\u00f9 vous les vivrez. Ces routes sont toutes singuli\u00e8res et riches d&rsquo;exp\u00e9riences qui font de chacun d\u2019entre-nous, des \u00eatres hauts en POTENTIEL.&nbsp;<\/p>\n\n\n\n<p>Loin de toutes notions de rapidit\u00e9 d\u2019ex\u00e9cution, de comp\u00e9tences, de rentabilit\u00e9 ou d\u2019aptitudes \u00e0 acqu\u00e9rir, nous pr\u00f4nons la capacit\u00e9 de chacun \u00e0 atteindre ses propres objectifs \u00e0 son rythme.<\/p>\n\n\n\n<p>L\u2019\u00e9coute de soi, le respect de ses propres limites, l\u2019ouverture \u00e0 l\u2019autre avec toutes ses diff\u00e9rences et ses richesses, la libert\u00e9 d\u2019expression sont des valeurs qui nous tiennent \u00e0 coeur.&nbsp;<\/p>\n\n\n\n<p>A l\u2019heure de l\u2019hyperconsommation, l\u2019hyperactivit\u00e9, l\u2019hyperconnectivit\u00e9, il nous est important de revenir \u00e0 l\u2019essentiel ; s\u2019\u00e9couter et vivre en relation avec le monde qui nous entoure.\u00a0<\/p>\n\n\n\n<p>Tout simplement s\u2019accorder des moments de plaisir et de bien-\u00eatre en toute bienveillance gr\u00e2ce \u00e0 nos chevaux.\u00a0<\/p>\n\n\n\n<p>HIPPOSENSCIEL est donc l\u2019endroit et le moment de prendre le temps de d\u00e9velopper son potentiel guid\u00e9 par les chevaux  tout en r\u00e9alisant des activit\u00e9s qui font sens \u00e0 chacun.<\/p>\n\n\n\n<p>L&rsquo;important pour nous est que nos activit\u00e9s soient accessibles \u00e0 toutes les personnes et le co\u00fbt ne doit jamais \u00eatre un frein \u00e0 votre prise de contact alors n&rsquo;h\u00e9sitez pas!<\/p>\n","protected":false},"excerpt":{"rendered":"<p>Nous voulons rencontrer chaque personne, enfant ou adulte, l\u00e0 o\u00f9 il se trouve sur son chemin de vie. Pour ce faire, nous voulons vous proposer des activit\u00e9s qui feront SENS au moment o\u00f9 vous les vivrez. Ces routes sont toutes singuli\u00e8res et riches d&rsquo;exp\u00e9riences qui font de chacun d\u2019entre-nous, des \u00eatres hauts en POTENTIEL.&nbsp; Loin &hellip; <\/p>\n<p class=\"link-more\"><a href=\"https:\/\/hipposensciel.be\/index.php\/philosophie\/\" class=\"more-link\">Continuer la lecture<span class=\"screen-reader-text\"> de &laquo;&nbsp;Notre philosophie&nbsp;&raquo;<\/span><\/a><\/p>\n","protected":false},"author":2,"featured_media":0,"parent":0,"menu_order":0,"comment_status":"closed","ping_status":"closed","template":"","meta":{"_acf_changed":false,"footnotes":""},"class_list":["post-58","page","type-page","status-publish","hentry"],"acf":[],"yoast_head":"<!-- This site is optimized with the Yoast SEO plugin v25.3.1 - https:\/\/yoast.com\/wordpress\/plugins\/seo\/ -->\n<title>Notre philosophie - Hipposensciel<\/title>\n<meta name=\"robots\" content=\"index, follow, max-snippet:-1, max-image-preview:large, max-video-preview:-1\" \/>\n<link rel=\"canonical\" href=\"https:\/\/hipposensciel.be\/index.php\/philosophie\/\" \/>\n<meta property=\"og:locale\" content=\"fr_FR\" \/>\n<meta property=\"og:type\" content=\"article\" \/>\n<meta property=\"og:title\" content=\"Notre philosophie - Hipposensciel\" \/>\n<meta property=\"og:description\" content=\"Nous voulons rencontrer chaque personne, enfant ou adulte, l\u00e0 o\u00f9 il se trouve sur son chemin de vie. Pour ce faire, nous voulons vous proposer des activit\u00e9s qui feront SENS au moment o\u00f9 vous les vivrez. Ces routes sont toutes singuli\u00e8res et riches d&rsquo;exp\u00e9riences qui font de chacun d\u2019entre-nous, des \u00eatres hauts en POTENTIEL.&nbsp; Loin &hellip; Continuer la lecture de &laquo;&nbsp;Notre philosophie&nbsp;&raquo;\" \/>\n<meta property=\"og:url\" content=\"https:\/\/hipposensciel.be\/index.php\/philosophie\/\" \/>\n<meta property=\"og:site_name\" content=\"Hipposensciel\" \/>\n<meta property=\"article:publisher\" content=\"https:\/\/www.facebook.com\/profile.php?id=100091362619600\" \/>\n<meta property=\"article:modified_time\" content=\"2024-02-08T17:40:26+00:00\" \/>\n<meta name=\"twitter:card\" content=\"summary_large_image\" \/>\n<meta name=\"twitter:label1\" content=\"Dur\u00e9e de lecture estim\u00e9e\" \/>\n\t<meta name=\"twitter:data1\" content=\"1 minute\" \/>\n<script type=\"application\/ld+json\" class=\"yoast-schema-graph\">{\"@context\":\"https:\/\/schema.org\",\"@graph\":[{\"@type\":\"WebPage\",\"@id\":\"https:\/\/hipposensciel.be\/index.php\/philosophie\/\",\"url\":\"https:\/\/hipposensciel.be\/index.php\/philosophie\/\",\"name\":\"Notre philosophie - Hipposensciel\",\"isPartOf\":{\"@id\":\"https:\/\/hipposensciel.be\/#website\"},\"datePublished\":\"2023-02-06T10:04:32+00:00\",\"dateModified\":\"2024-02-08T17:40:26+00:00\",\"breadcrumb\":{\"@id\":\"https:\/\/hipposensciel.be\/index.php\/philosophie\/#breadcrumb\"},\"inLanguage\":\"fr-FR\",\"potentialAction\":[{\"@type\":\"ReadAction\",\"target\":[\"https:\/\/hipposensciel.be\/index.php\/philosophie\/\"]}]},{\"@type\":\"BreadcrumbList\",\"@id\":\"https:\/\/hipposensciel.be\/index.php\/philosophie\/#breadcrumb\",\"itemListElement\":[{\"@type\":\"ListItem\",\"position\":1,\"name\":\"Accueil\",\"item\":\"https:\/\/hipposensciel.be\/\"},{\"@type\":\"ListItem\",\"position\":2,\"name\":\"Notre philosophie\"}]},{\"@type\":\"WebSite\",\"@id\":\"https:\/\/hipposensciel.be\/#website\",\"url\":\"https:\/\/hipposensciel.be\/\",\"name\":\"Hipposensciel\",\"description\":\"Trouvez votre essentiel au coeur des chevaux\",\"publisher\":{\"@id\":\"https:\/\/hipposensciel.be\/#organization\"},\"potentialAction\":[{\"@type\":\"SearchAction\",\"target\":{\"@type\":\"EntryPoint\",\"urlTemplate\":\"https:\/\/hipposensciel.be\/?s={search_term_string}\"},\"query-input\":{\"@type\":\"PropertyValueSpecification\",\"valueRequired\":true,\"valueName\":\"search_term_string\"}}],\"inLanguage\":\"fr-FR\"},{\"@type\":\"Organization\",\"@id\":\"https:\/\/hipposensciel.be\/#organization\",\"name\":\"Hipposensciel\",\"url\":\"https:\/\/hipposensciel.be\/\",\"logo\":{\"@type\":\"ImageObject\",\"inLanguage\":\"fr-FR\",\"@id\":\"https:\/\/hipposensciel.be\/#\/schema\/logo\/image\/\",\"url\":\"https:\/\/hipposensciel.be\/wp-content\/uploads\/2023\/02\/logo-hipposensciel-vectorise.bmp\",\"contentUrl\":\"https:\/\/hipposensciel.be\/wp-content\/uploads\/2023\/02\/logo-hipposensciel-vectorise.bmp\",\"width\":525,\"height\":547,\"caption\":\"Hipposensciel\"},\"image\":{\"@id\":\"https:\/\/hipposensciel.be\/#\/schema\/logo\/image\/\"},\"sameAs\":[\"https:\/\/www.facebook.com\/profile.php?id=100091362619600\"]}]}<\/script>\n<!-- \/ Yoast SEO plugin. -->","yoast_head_json":{"title":"Notre philosophie - Hipposensciel","robots":{"index":"index","follow":"follow","max-snippet":"max-snippet:-1","max-image-preview":"max-image-preview:large","max-video-preview":"max-video-preview:-1"},"canonical":"https:\/\/hipposensciel.be\/index.php\/philosophie\/","og_locale":"fr_FR","og_type":"article","og_title":"Notre philosophie - Hipposensciel","og_description":"Nous voulons rencontrer chaque personne, enfant ou adulte, l\u00e0 o\u00f9 il se trouve sur son chemin de vie. Pour ce faire, nous voulons vous proposer des activit\u00e9s qui feront SENS au moment o\u00f9 vous les vivrez. Ces routes sont toutes singuli\u00e8res et riches d&rsquo;exp\u00e9riences qui font de chacun d\u2019entre-nous, des \u00eatres hauts en POTENTIEL.&nbsp; Loin &hellip; Continuer la lecture de &laquo;&nbsp;Notre philosophie&nbsp;&raquo;","og_url":"https:\/\/hipposensciel.be\/index.php\/philosophie\/","og_site_name":"Hipposensciel","article_publisher":"https:\/\/www.facebook.com\/profile.php?id=100091362619600","article_modified_time":"2024-02-08T17:40:26+00:00","twitter_card":"summary_large_image","twitter_misc":{"Dur\u00e9e de lecture estim\u00e9e":"1 minute"},"schema":{"@context":"https:\/\/schema.org","@graph":[{"@type":"WebPage","@id":"https:\/\/hipposensciel.be\/index.php\/philosophie\/","url":"https:\/\/hipposensciel.be\/index.php\/philosophie\/","name":"Notre philosophie - Hipposensciel","isPartOf":{"@id":"https:\/\/hipposensciel.be\/#website"},"datePublished":"2023-02-06T10:04:32+00:00","dateModified":"2024-02-08T17:40:26+00:00","breadcrumb":{"@id":"https:\/\/hipposensciel.be\/index.php\/philosophie\/#breadcrumb"},"inLanguage":"fr-FR","potentialAction":[{"@type":"ReadAction","target":["https:\/\/hipposensciel.be\/index.php\/philosophie\/"]}]},{"@type":"BreadcrumbList","@id":"https:\/\/hipposensciel.be\/index.php\/philosophie\/#breadcrumb","itemListElement":[{"@type":"ListItem","position":1,"name":"Accueil","item":"https:\/\/hipposensciel.be\/"},{"@type":"ListItem","position":2,"name":"Notre philosophie"}]},{"@type":"WebSite","@id":"https:\/\/hipposensciel.be\/#website","url":"https:\/\/hipposensciel.be\/","name":"Hipposensciel","description":"Trouvez votre essentiel au coeur des chevaux","publisher":{"@id":"https:\/\/hipposensciel.be\/#organization"},"potentialAction":[{"@type":"SearchAction","target":{"@type":"EntryPoint","urlTemplate":"https:\/\/hipposensciel.be\/?s={search_term_string}"},"query-input":{"@type":"PropertyValueSpecification","valueRequired":true,"valueName":"search_term_string"}}],"inLanguage":"fr-FR"},{"@type":"Organization","@id":"https:\/\/hipposensciel.be\/#organization","name":"Hipposensciel","url":"https:\/\/hipposensciel.be\/","logo":{"@type":"ImageObject","inLanguage":"fr-FR","@id":"https:\/\/hipposensciel.be\/#\/schema\/logo\/image\/","url":"https:\/\/hipposensciel.be\/wp-content\/uploads\/2023\/02\/logo-hipposensciel-vectorise.bmp","contentUrl":"https:\/\/hipposensciel.be\/wp-content\/uploads\/2023\/02\/logo-hipposensciel-vectorise.bmp","width":525,"height":547,"caption":"Hipposensciel"},"image":{"@id":"https:\/\/hipposensciel.be\/#\/schema\/logo\/image\/"},"sameAs":["https:\/\/www.facebook.com\/profile.php?id=100091362619600"]}]}},"_links":{"self":[{"href":"https:\/\/hipposensciel.be\/index.php\/wp-json\/wp\/v2\/pages\/58","targetHints":{"allow":["GET"]}}],"collection":[{"href":"https:\/\/hipposensciel.be\/index.php\/wp-json\/wp\/v2\/pages"}],"about":[{"href":"https:\/\/hipposensciel.be\/index.php\/wp-json\/wp\/v2\/types\/page"}],"author":[{"embeddable":true,"href":"https:\/\/hipposensciel.be\/index.php\/wp-json\/wp\/v2\/users\/2"}],"replies":[{"embeddable":true,"href":"https:\/\/hipposensciel.be\/index.php\/wp-json\/wp\/v2\/comments?post=58"}],"version-history":[{"count":9,"href":"https:\/\/hipposensciel.be\/index.php\/wp-json\/wp\/v2\/pages\/58\/revisions"}],"predecessor-version":[{"id":260,"href":"https:\/\/hipposensciel.be\/index.php\/wp-json\/wp\/v2\/pages\/58\/revisions\/260"}],"wp:attachment":[{"href":"https:\/\/hipposensciel.be\/index.php\/wp-json\/wp\/v2\/media?parent=58"}],"curies":[{"name":"wp","href":"https:\/\/api.w.org\/{rel}","templated":true}]}}