{"id":8,"date":"2023-02-02T12:12:37","date_gmt":"2023-02-02T11:12:37","guid":{"rendered":"http:\/\/hipposensciel.be\/?page_id=8"},"modified":"2025-02-02T01:40:46","modified_gmt":"2025-02-02T00:40:46","slug":"activites","status":"publish","type":"page","link":"https:\/\/hipposensciel.be\/index.php\/activites\/","title":{"rendered":"Nos activit\u00e9s"},"content":{"rendered":"\n<h2 class=\"wp-block-heading\">Cot\u00e9 \u00e9questre<\/h2>\n\n\n\n<figure class=\"wp-block-image size-large\"><img loading=\"lazy\" decoding=\"async\" width=\"724\" height=\"1024\" src=\"https:\/\/hipposensciel.be\/wp-content\/uploads\/2025\/02\/5-724x1024.png\" alt=\"\" class=\"wp-image-426\" srcset=\"https:\/\/hipposensciel.be\/wp-content\/uploads\/2025\/02\/5-724x1024.png 724w, https:\/\/hipposensciel.be\/wp-content\/uploads\/2025\/02\/5-212x300.png 212w, https:\/\/hipposensciel.be\/wp-content\/uploads\/2025\/02\/5-768x1086.png 768w, https:\/\/hipposensciel.be\/wp-content\/uploads\/2025\/02\/5-1086x1536.png 1086w, https:\/\/hipposensciel.be\/wp-content\/uploads\/2025\/02\/5.png 1414w\" sizes=\"auto, (max-width: 724px) 100vw, 724px\" \/><\/figure>\n\n\n\n<h1 class=\"wp-block-heading\"><\/h1>\n\n\n\n<h2 class=\"wp-block-heading\" style=\"font-size:24px\">Cot\u00e9 bien-\u00eatre et d\u00e9veloppement personnel<\/h2>\n\n\n\n<figure class=\"wp-block-image size-large\"><img loading=\"lazy\" decoding=\"async\" width=\"724\" height=\"1024\" src=\"https:\/\/hipposensciel.be\/wp-content\/uploads\/2025\/02\/6-724x1024.png\" alt=\"\" class=\"wp-image-428\" srcset=\"https:\/\/hipposensciel.be\/wp-content\/uploads\/2025\/02\/6-724x1024.png 724w, https:\/\/hipposensciel.be\/wp-content\/uploads\/2025\/02\/6-212x300.png 212w, https:\/\/hipposensciel.be\/wp-content\/uploads\/2025\/02\/6-768x1086.png 768w, https:\/\/hipposensciel.be\/wp-content\/uploads\/2025\/02\/6-1086x1536.png 1086w, https:\/\/hipposensciel.be\/wp-content\/uploads\/2025\/02\/6.png 1414w\" sizes=\"auto, (max-width: 724px) 100vw, 724px\" \/><\/figure>\n\n\n\n<div class=\"wp-block-buttons is-layout-flex wp-block-buttons-is-layout-flex\">\n<div class=\"wp-block-button is-style-outline is-style-outline--1\"><a class=\"wp-block-button__link wp-element-button\" href=\"mailto:hipposensciel@gmail.com\">Nous contacter<\/a><\/div>\n<\/div>\n","protected":false},"excerpt":{"rendered":"<p>Cot\u00e9 \u00e9questre Cot\u00e9 bien-\u00eatre et d\u00e9veloppement personnel<\/p>\n","protected":false},"author":1,"featured_media":13,"parent":0,"menu_order":4,"comment_status":"closed","ping_status":"closed","template":"","meta":{"_acf_changed":false,"footnotes":""},"class_list":["post-8","page","type-page","status-publish","has-post-thumbnail","hentry"],"acf":[],"yoast_head":"<!-- This site is optimized with the Yoast SEO plugin v25.3.1 - https:\/\/yoast.com\/wordpress\/plugins\/seo\/ -->\n<title>Nos activit\u00e9s - Hipposensciel<\/title>\n<meta name=\"robots\" content=\"index, follow, max-snippet:-1, max-image-preview:large, max-video-preview:-1\" \/>\n<link rel=\"canonical\" href=\"https:\/\/hipposensciel.be\/index.php\/activites\/\" \/>\n<meta property=\"og:locale\" content=\"fr_FR\" \/>\n<meta property=\"og:type\" content=\"article\" \/>\n<meta property=\"og:title\" content=\"Nos activit\u00e9s - Hipposensciel\" \/>\n<meta property=\"og:description\" content=\"Cot\u00e9 \u00e9questre Cot\u00e9 bien-\u00eatre et d\u00e9veloppement personnel\" \/>\n<meta property=\"og:url\" content=\"https:\/\/hipposensciel.be\/index.php\/activites\/\" \/>\n<meta property=\"og:site_name\" content=\"Hipposensciel\" \/>\n<meta property=\"article:publisher\" content=\"https:\/\/www.facebook.com\/profile.php?id=100091362619600\" \/>\n<meta property=\"article:modified_time\" content=\"2025-02-02T00:40:46+00:00\" \/>\n<meta property=\"og:image\" content=\"https:\/\/hipposensciel.be\/wp-content\/uploads\/2023\/02\/20220811_203602-scaled.jpeg\" \/>\n\t<meta property=\"og:image:width\" content=\"2560\" \/>\n\t<meta property=\"og:image:height\" content=\"1244\" \/>\n\t<meta property=\"og:image:type\" content=\"image\/jpeg\" \/>\n<meta name=\"twitter:card\" content=\"summary_large_image\" \/>\n<meta name=\"twitter:label1\" content=\"Dur\u00e9e de lecture estim\u00e9e\" \/>\n\t<meta name=\"twitter:data1\" content=\"1 minute\" \/>\n<script type=\"application\/ld+json\" class=\"yoast-schema-graph\">{\"@context\":\"https:\/\/schema.org\",\"@graph\":[{\"@type\":\"WebPage\",\"@id\":\"https:\/\/hipposensciel.be\/index.php\/activites\/\",\"url\":\"https:\/\/hipposensciel.be\/index.php\/activites\/\",\"name\":\"Nos activit\u00e9s - Hipposensciel\",\"isPartOf\":{\"@id\":\"https:\/\/hipposensciel.be\/#website\"},\"primaryImageOfPage\":{\"@id\":\"https:\/\/hipposensciel.be\/index.php\/activites\/#primaryimage\"},\"image\":{\"@id\":\"https:\/\/hipposensciel.be\/index.php\/activites\/#primaryimage\"},\"thumbnailUrl\":\"https:\/\/hipposensciel.be\/wp-content\/uploads\/2023\/02\/20220811_203602-scaled.jpeg\",\"datePublished\":\"2023-02-02T11:12:37+00:00\",\"dateModified\":\"2025-02-02T00:40:46+00:00\",\"breadcrumb\":{\"@id\":\"https:\/\/hipposensciel.be\/index.php\/activites\/#breadcrumb\"},\"inLanguage\":\"fr-FR\",\"potentialAction\":[{\"@type\":\"ReadAction\",\"target\":[\"https:\/\/hipposensciel.be\/index.php\/activites\/\"]}]},{\"@type\":\"ImageObject\",\"inLanguage\":\"fr-FR\",\"@id\":\"https:\/\/hipposensciel.be\/index.php\/activites\/#primaryimage\",\"url\":\"https:\/\/hipposensciel.be\/wp-content\/uploads\/2023\/02\/20220811_203602-scaled.jpeg\",\"contentUrl\":\"https:\/\/hipposensciel.be\/wp-content\/uploads\/2023\/02\/20220811_203602-scaled.jpeg\",\"width\":2560,\"height\":1244,\"caption\":\"hipposensciel\"},{\"@type\":\"BreadcrumbList\",\"@id\":\"https:\/\/hipposensciel.be\/index.php\/activites\/#breadcrumb\",\"itemListElement\":[{\"@type\":\"ListItem\",\"position\":1,\"name\":\"Accueil\",\"item\":\"https:\/\/hipposensciel.be\/\"},{\"@type\":\"ListItem\",\"position\":2,\"name\":\"Nos activit\u00e9s\"}]},{\"@type\":\"WebSite\",\"@id\":\"https:\/\/hipposensciel.be\/#website\",\"url\":\"https:\/\/hipposensciel.be\/\",\"name\":\"Hipposensciel\",\"description\":\"Trouvez votre essentiel au coeur des chevaux\",\"publisher\":{\"@id\":\"https:\/\/hipposensciel.be\/#organization\"},\"potentialAction\":[{\"@type\":\"SearchAction\",\"target\":{\"@type\":\"EntryPoint\",\"urlTemplate\":\"https:\/\/hipposensciel.be\/?s={search_term_string}\"},\"query-input\":{\"@type\":\"PropertyValueSpecification\",\"valueRequired\":true,\"valueName\":\"search_term_string\"}}],\"inLanguage\":\"fr-FR\"},{\"@type\":\"Organization\",\"@id\":\"https:\/\/hipposensciel.be\/#organization\",\"name\":\"Hipposensciel\",\"url\":\"https:\/\/hipposensciel.be\/\",\"logo\":{\"@type\":\"ImageObject\",\"inLanguage\":\"fr-FR\",\"@id\":\"https:\/\/hipposensciel.be\/#\/schema\/logo\/image\/\",\"url\":\"https:\/\/hipposensciel.be\/wp-content\/uploads\/2023\/02\/logo-hipposensciel-vectorise.bmp\",\"contentUrl\":\"https:\/\/hipposensciel.be\/wp-content\/uploads\/2023\/02\/logo-hipposensciel-vectorise.bmp\",\"width\":525,\"height\":547,\"caption\":\"Hipposensciel\"},\"image\":{\"@id\":\"https:\/\/hipposensciel.be\/#\/schema\/logo\/image\/\"},\"sameAs\":[\"https:\/\/www.facebook.com\/profile.php?id=100091362619600\"]}]}<\/script>\n<!-- \/ Yoast SEO plugin. -->","yoast_head_json":{"title":"Nos activit\u00e9s - Hipposensciel","robots":{"index":"index","follow":"follow","max-snippet":"max-snippet:-1","max-image-preview":"max-image-preview:large","max-video-preview":"max-video-preview:-1"},"canonical":"https:\/\/hipposensciel.be\/index.php\/activites\/","og_locale":"fr_FR","og_type":"article","og_title":"Nos activit\u00e9s - Hipposensciel","og_description":"Cot\u00e9 \u00e9questre Cot\u00e9 bien-\u00eatre et d\u00e9veloppement personnel","og_url":"https:\/\/hipposensciel.be\/index.php\/activites\/","og_site_name":"Hipposensciel","article_publisher":"https:\/\/www.facebook.com\/profile.php?id=100091362619600","article_modified_time":"2025-02-02T00:40:46+00:00","og_image":[{"width":2560,"height":1244,"url":"https:\/\/hipposensciel.be\/wp-content\/uploads\/2023\/02\/20220811_203602-scaled.jpeg","type":"image\/jpeg"}],"twitter_card":"summary_large_image","twitter_misc":{"Dur\u00e9e de lecture estim\u00e9e":"1 minute"},"schema":{"@context":"https:\/\/schema.org","@graph":[{"@type":"WebPage","@id":"https:\/\/hipposensciel.be\/index.php\/activites\/","url":"https:\/\/hipposensciel.be\/index.php\/activites\/","name":"Nos activit\u00e9s - Hipposensciel","isPartOf":{"@id":"https:\/\/hipposensciel.be\/#website"},"primaryImageOfPage":{"@id":"https:\/\/hipposensciel.be\/index.php\/activites\/#primaryimage"},"image":{"@id":"https:\/\/hipposensciel.be\/index.php\/activites\/#primaryimage"},"thumbnailUrl":"https:\/\/hipposensciel.be\/wp-content\/uploads\/2023\/02\/20220811_203602-scaled.jpeg","datePublished":"2023-02-02T11:12:37+00:00","dateModified":"2025-02-02T00:40:46+00:00","breadcrumb":{"@id":"https:\/\/hipposensciel.be\/index.php\/activites\/#breadcrumb"},"inLanguage":"fr-FR","potentialAction":[{"@type":"ReadAction","target":["https:\/\/hipposensciel.be\/index.php\/activites\/"]}]},{"@type":"ImageObject","inLanguage":"fr-FR","@id":"https:\/\/hipposensciel.be\/index.php\/activites\/#primaryimage","url":"https:\/\/hipposensciel.be\/wp-content\/uploads\/2023\/02\/20220811_203602-scaled.jpeg","contentUrl":"https:\/\/hipposensciel.be\/wp-content\/uploads\/2023\/02\/20220811_203602-scaled.jpeg","width":2560,"height":1244,"caption":"hipposensciel"},{"@type":"BreadcrumbList","@id":"https:\/\/hipposensciel.be\/index.php\/activites\/#breadcrumb","itemListElement":[{"@type":"ListItem","position":1,"name":"Accueil","item":"https:\/\/hipposensciel.be\/"},{"@type":"ListItem","position":2,"name":"Nos activit\u00e9s"}]},{"@type":"WebSite","@id":"https:\/\/hipposensciel.be\/#website","url":"https:\/\/hipposensciel.be\/","name":"Hipposensciel","description":"Trouvez votre essentiel au coeur des chevaux","publisher":{"@id":"https:\/\/hipposensciel.be\/#organization"},"potentialAction":[{"@type":"SearchAction","target":{"@type":"EntryPoint","urlTemplate":"https:\/\/hipposensciel.be\/?s={search_term_string}"},"query-input":{"@type":"PropertyValueSpecification","valueRequired":true,"valueName":"search_term_string"}}],"inLanguage":"fr-FR"},{"@type":"Organization","@id":"https:\/\/hipposensciel.be\/#organization","name":"Hipposensciel","url":"https:\/\/hipposensciel.be\/","logo":{"@type":"ImageObject","inLanguage":"fr-FR","@id":"https:\/\/hipposensciel.be\/#\/schema\/logo\/image\/","url":"https:\/\/hipposensciel.be\/wp-content\/uploads\/2023\/02\/logo-hipposensciel-vectorise.bmp","contentUrl":"https:\/\/hipposensciel.be\/wp-content\/uploads\/2023\/02\/logo-hipposensciel-vectorise.bmp","width":525,"height":547,"caption":"Hipposensciel"},"image":{"@id":"https:\/\/hipposensciel.be\/#\/schema\/logo\/image\/"},"sameAs":["https:\/\/www.facebook.com\/profile.php?id=100091362619600"]}]}},"_links":{"self":[{"href":"https:\/\/hipposensciel.be\/index.php\/wp-json\/wp\/v2\/pages\/8","targetHints":{"allow":["GET"]}}],"collection":[{"href":"https:\/\/hipposensciel.be\/index.php\/wp-json\/wp\/v2\/pages"}],"about":[{"href":"https:\/\/hipposensciel.be\/index.php\/wp-json\/wp\/v2\/types\/page"}],"author":[{"embeddable":true,"href":"https:\/\/hipposensciel.be\/index.php\/wp-json\/wp\/v2\/users\/1"}],"replies":[{"embeddable":true,"href":"https:\/\/hipposensciel.be\/index.php\/wp-json\/wp\/v2\/comments?post=8"}],"version-history":[{"count":28,"href":"https:\/\/hipposensciel.be\/index.php\/wp-json\/wp\/v2\/pages\/8\/revisions"}],"predecessor-version":[{"id":431,"href":"https:\/\/hipposensciel.be\/index.php\/wp-json\/wp\/v2\/pages\/8\/revisions\/431"}],"wp:featuredmedia":[{"embeddable":true,"href":"https:\/\/hipposensciel.be\/index.php\/wp-json\/wp\/v2\/media\/13"}],"wp:attachment":[{"href":"https:\/\/hipposensciel.be\/index.php\/wp-json\/wp\/v2\/media?parent=8"}],"curies":[{"name":"wp","href":"https:\/\/api.w.org\/{rel}","templated":true}]}}